 divided by 31.
16
Calculate the remainder when 308 is divided by 107.
94
What is the remainder when 193 is divided by 18?
13
Calculate the remainder when 414 is divided by 52.
50
Calculate the remainder when 213 is divided by 19.
4
Calculate the remainder when 11651 is divided by 35.
31
What is the remainder when 239 is divided by 5?
4
What is the remainder when 197 is divided by 64?
5
Calculate the remainder when 924 is divided by 156.
144
Calculate the remainder when 1263 is divided by 9.
3
What is the remainder when 13 is divided by 4?
1
Calculate the remainder when 589 is divided by 32.
13
What is the remainder when 634 is divided by 58?
54
What is the remainder when 59 is divided by 29?
1
Calculate the remainder when 568 is divided by 48.
40
What is the remainder when 274 is divided by 63?
22
What is the remainder when 1439 is divided by 80?
79
Calculate the remainder when 360 is divided by 25.
10
What is the remainder when 3791 is divided by 48?
47
Calculate the remainder when 254 is divided by 33.
23
What is the remainder when 357 is divided by 100?
57
Calculate the remainder when 19361 is divided by 103.
100
What is the remainder when 458 is divided by 42?
38
Calculate the remainder when 208 is divided by 19.
18
What is the remainder when 144 is divided by 18?
0
What is the remainder when 441 is divided by 12?
9
What is the remainder when 306 is divided by 32?
18
Calculate the remainder when 61 is divided by 18.
7
What is the remainder when 53 is divided by 14?
11
Calculate the remainder when 135 is divided by 70.
65
Calculate the remainder when 1460 is divided by 24.
20
Calculate the remainder when 171 is divided by 8.
3
What is the remainder when 2742 is divided by 67?
62
Calculate the remainder when 1598 is divided by 310.
48
Calculate the remainder when 114 is divided by 40.
34
Calculate the remainder when 4038 is divided by 2015.
8
What is the remainder when 4246 is divided by 85?
81
What is the remainder when 4852 is divided by 173?
8
Calculate the remainder when 91 is divided by 80.
11
Calculate the remainder when 764 is divided by 13.
10
Calculate the remainder when 1439 is divided by 15.
14
Calculate the remainder when 367 is divided by 37.
34
What is the remainder when 447 is divided by 74?
3
What is the remainder when 328 is divided by 66?
64
What is the remainder when 645 is divided by 26?
21
What is the remainder when 106 is divided by 37?
32
What is the remainder when 2640 is divided by 27?
21
What is the remainder when 679 is divided by 62?
59
Calculate the remainder when 3196 is divided by 1063.
7
Calculate the remainder when 83 is divided by 68.
15
Calculate the remainder when 12349 is divided by 23.
21
Calculate the remainder when 139 is divided by 38.
25
Calculate the remainder when 4336 is divided by 217.
213
Calculate the remainder when 57 is divided by 31.
26
What is the remainder when 164 is divided by 53?
5
What is the remainder when 1021 is divided by 64?
61
Calculate the remainder when 1161 is divided by 512.
137
Calculate the remainder when 2192 is divided by 604.
380
What is the remainder when 18213 is divided by 253?
250
Calculate the remainder when 444 is divided by 138.
30
Calculate the remainder when 263 is divided by 73.
44
Calculate the remainder when 461 is divided by 91.
6
What is the remainder when 320 is divided by 81?
77
What is the remainder when 15 is divided by 11?
4
What is the remainder when 4744 is divided by 95?
89
What is the remainder when 1367 is divided by 38?
37
What is the remainder when 79 is divided by 10?
9
What is the remainder when 21 is divided by 5?
1
What is the remainder when 751 is divided by 255?
241
Calculate the remainder when 88 is divided by 40.
8
Calculate the remainder when 588 is divided by 98.
0
Calculate the remainder when 4556 is divided by 30.
26
Calculate the remainder when 559 is divided by 84.
55
Calculate the remainder when 1107 is divided by 74.
71
What is the remainder when 48 is divided by 7?
6
Calculate the remainder when 194 is divided by 60.
14
What is the remainder when 719 is divided by 38?
35
What is the remainder when 2809 is divided by 67?
62
Calculate the remainder when 559 is divided by 155.
94
Calculate the remainder when 147 is divided by 56.
35
What is the remainder when 72 is divided by 22?
6
Calculate the remainder when 815 is divided by 32.
15
What is the remainder when 85 is divided by 39?
7
Calculate the remainder when 447 is divided by 18.
15
What is the remainder when 1428 is divided by 27?
24
What is the remainder when 49 is divided by 11?
5
Calculate the remainder when 86 is divided by 17.
1
Calculate the remainder when 74 is divided by 34.
6
Calculate the remainder when 4535 is divided by 168.
167
Calculate the remainder when 514 is divided by 137.
103
Calculate the remainder when 6266 is divided by 98.
92
Calculate the remainder when 392 is divided by 39.
2
Calculate the remainder when 81 is divided by 11.
4
Calculate the remainder when 529 is divided by 53.
52
What is the remainder when 49 is divided by 4?
1
What is the remainder when 577 is divided by 147?
136
What is the remainder when 522 is divided by 75?
72
What is the remainder when 1044 is divided by 337?
33
Calculate the remainder when 1822 is divided by 899.
24
What is the remainder when 596 is divided by 153?
137
What is the remainder when 194 is divided by 21?
5
What is the remainder when 164 is divided by 12?
8
What is the remainder when 396 is divided by 50?
46
What is the remainder when 174 is divided by 91?
83
What is the remainder when 476 is divided by 20?
16
Calculate the remainder when 1232 is divided by 396.
44
What is the remainder when 960 is divided by 42?
36
What is the remainder when 3160 is divided by 93?
91
Calculate the remainder when 175 is divided by 20.
15
What is the remainder when 371 is divided by 54?
47
What is the remainder when 2041 is divided by 124?
57
Calculate the remainder when 683 is divided by 92.
39
Calculate the remainder when 24 is divided by 6.
0
What is the remainder when 230 is divided by 55?
10
What is the remainder when 363 is divided by 91?
90
Calculate the remainder when 8 is divided by 3.
2
What is the remainder when 647 is divided by 62?
27
Calculate the remainder when 976 is divided by 958.
18
What is the remainder when 377 is divided by 96?
89
What is the remainder when 114 is divided by 8?
2
What is the remainder when 660 is divided by 58?
22
What is the remainder when 48 is divided by 16?
0
Calculate the remainder when 101 is divided by 18.
11
What is the remainder when 36 is divided by 5?
1
Calculate the remainder when 447 is divided by 31.
13
What is the remainder when 546 is divided by 128?
34
What is the remainder when 70 is divided by 11?
4
What is the remainder when 1377 is divided by 198?
189
Calculate the remainder when 4481 is divided by 279.
17
Calculate the remainder when 194 is divided by 34.
24
What is the remainder when 99 is divided by 39?
21
What is the remainder when 838 is divided by 10?
8
What is the remainder when 185 is divided by 65?
55
What is the remainder when 550 is divided by 453?
97
Calculate the remainder when 71 is divided by 42.
29
What is the remainder when 47 is divided by 17?
13
Calculate the remainder when 311 is divided by 171.
140
What is the remainder when 422 is divided by 53?
51
Calculate the remainder when 1693 is divided by 14.
13
Calculate the remainder when 195 is divided by 28.
27
Calculate the remainder when 51 is divided by 8.
3
Calculate the remainder when 162 is divided by 26.
6
What is the remainder when 3748 is divided by 121?
118
What is the remainder when 2220 is divided by 17?
10
Calculate the remainder when 348 is divided by 27.
24
Calculate the remainder when 403 is divided by 41.
34
Calculate the remainder when 1677 is divided by 64.
13
Calculate the remainder when 90 is divided by 23.
21
Calculate the remainder when 6460 is divided by 1608.
28
Calculate the remainder when 186 is divided by 21.
18
What is the remainder when 87 is divided by 5?
2
What is the remainder when 8820 is divided by 6?
0
What is the remainder when 81 is divided by 45?
36
Calculate the remainder when 2532 is divided by 149.
148
Calculate the remainder when 109 is divided by 74.
35
Calcul